 b(-3)?
2
Let q(j) = 7*j**2 - 23*j + 11. Suppose 3*u - 2*s = 13, 2*u - 11 = -3*s + 2. Let r(f) = 3*f**2 - 11*f + 5. Let m(o) = u*r(o) - 2*q(o). Determine m(9).
3
Let n(h) = h + 9. Suppose 0 = w + 3 + 3. What is n(w)?
3
Let b(d) = -3*d - 4*d**2 + 0*d**3 - 2*d - d**3 + 10*d**2. Determine b(5).
0
Let x(n) = 1 + 6*n**2 + 0*n**3 - n**3 - 4*n - 7. Let q be (-4)/(-18) + 430/90. Let w be x(q). Let c(j) = -2*j**2 + j. What is c(w)?
-3
Let a(k) = -k**2 - 12*k - 4. Let c be a(-11). Let v be (-4 - 0)*3/(-6). Let p(n) = -v*n - 8*n - 2 + c*n. Determine p(-2).
4
Suppose c - 4*g + 12 = 0, -5*c + 5*g - 22 = -2*c. Let u(i) = -i + 5. Determine u(c).
9
Let g = 16 + -21. Let k(n) be the third derivative of 0*n + 1/3*n**3 - n**2 + 0 + 1/24*n**4. What is k(g)?
-3
Let p(h) = h**3 - 7*h**2 - 8*h. Let l be 304/40 - ((-36)/15 + 2). Calculate p(l).
0
Suppose 0*y = -3*y + 18. Let d(b) = b. Let s be d(y). Suppose s*u + 2 = u - 4*a, a = -2*u - 2. Let k(v) = -v**3 - v**2 + v - 2. Calculate k(u).
0
Suppose 4*l + 2 = -f, -8 = 3*f + f. Suppose l = 4*i + i - 10. Let b(h) = -h**3 + h + 1. Give b(i).
-5
Let u(i) = 5*i + 11. Let a(v) = 4*v + 10. Let x(b) = -7*a(b) + 6*u(b). Suppose -3*q = 3*n - 3, 2*n = 3*q - 2 + 14. Give x(n).
2
Let z(o) be the first derivative of o**5/60 - o**4/24 + o**3/6 + 3*o**2/2 - 1. Let y(j) be the second derivative of z(j). Calculate y(3).
7
Let k be ((-12)/(-14))/(3/21). Suppose 5*y - 3*y - k = 0. Suppose m + 4 - y = 0. Let z(t) = 6*t. What is z(m)?
-6
Suppose -3*w + 4*w = 0. Let i(g) = g**2 - g + 4. What is i(w)?
4
Suppose 7 + 8 = 5*n. Suppose -2*u + 3 = -n. Let v(w) = -u + w**3 - w**2 - 3*w**2 + 2*w**2. Give v(3).
6
Let o be (-3)/(((-3)/(-2))/3). Let m(c) = -7*c**2 + 9 + 0*c**2 - 1 - 5*c - c**3. Give m(o).
2
Suppose 1 = 3*l - 5*a - 10, a = -4*l + 7. Suppose 2*j = -l*h, 4*h - 7*j = -2*j + 27. Let i(p) be the second derivative of -p**3/6 - p**2 - 2*p. What is i(h)?
-5
Suppose -3*k - 4*o + 5 = 0, -3*k + 5*o - 7 = -6*k. Let s(l) be the third derivative of -l**6/120 + l**4/24 + 4*l**2. Calculate s(k).
0
Let a(v) be the second derivative of 0 - 5/2*v**2 - 1/6*v**3 + v. Suppose -7*p = -17*p - 50. Determine a(p).
0
Suppose 11 = 2*q - 5*a + 1, 3*a = -5*q - 6. Let o(h) = h**2 - h + 2. Let b be o(q). Let w(v) = -v**3 + v**2 + v - 1. Calculate w(b).
-3
Let t(p) = p**2 - 2*p - 1. Let c(j) = j**2 - 5*j - 3. Let l(s) = 2*c(s) - 5*t(s). Determine l(1).
-4
Let u(w) = -3*w**3 + 9. Let t(i) = 1 + 4 + 0 - 2*i**3 + 0. Let a(v) = -11*t(v) + 6*u(v). Let n(f) = -f. Let p be n(-1). Determine a(p).
3
Let p(f) be the third derivative of f**7/360 - f**6/720 + f**5/120 - f**4/12 + 2*f**2. Let b(r) be the second derivative of p(r). Give b(1).
7
Let p(j) be the second derivative of -j**6/120 + j**4/24 - j**3/3 - 3*j**2/2 + 5*j. Let i(h) be the first derivative of p(h). What is i(2)?
-8
Let i(m) = m**3 - 6*m**2 - 3. Suppose 2*g - 63 = -3*x, 129 - 37 = 3*g + 4*x. Suppose 4*w = -0*w + g. Give i(w).
-3
Let x(i) = 2*i**2 - 23*i + 14. Let q(j) = j**2 - 12*j + 7. Let o(u) = 11*q(u) - 6*x(u). Calculate o(5).
-2
Let i(l) = -l**2 - l. Let u(r) = -4*r**2 - 10*r + 11. Let m(y) = 3*i(y) - u(y). Suppose 0 = 113*t - 116*t - 24. Give m(t).
-3
Let d(l) = -5*l**2 - 2*l + 1. Let z be 2 + (-3 - -1)/2. Give d(z).
-6
Let b = -1 + -3. Let g(c) = -c - 1. Let q(r) = -8*r - 7. Suppose -2*n - 3*n + 23 = -2*h, 5*n = -4*h + 29. Let s(a) = h*q(a) - 6*g(a). Give s(b).
7
Suppose o = -0*o - 5*q + 14, -5*o + 5*q - 20 = 0. Suppose -4*m + 1 = -7. Let f(n) = 1 + 3*n**m + 0*n + n + 0. What is f(o)?
3
Let j(m) = 7*m**2 - 1. Let o be (0 - 3 - -4)/1. Determine j(o).
6
Let u(i) = i**3 - 5*i**2 + 2*i + 6. Let w(h) = h**3 + 8*h**2 - 12*h - 12. Let b be w(-9). Suppose -2*k + 4*c = -3 - 3, 4*k - b = 5*c. Calculate u(k).
16
Let c(s) be the first derivative of -s**4/2 - s**3/3 - s**2/2 + s - 5. Suppose f + f = 2. What is c(f)?
-3
Let t(d) = d**3 - 5*d**2 - 3*d - 2. Let w be 2 + (-12)/(1 - 5). What is t(w)?
-17
Let u(o) = -117 - 4*o + 2*o + 118. Give u(5).
-9
Let k(u) = -u**2 + 5. Let v = -206 - -206. What is k(v)?
5
Let j(t) = -3*t**3 + t**2 + t. Let d(s) = -s + 5. Let f be d(0). Suppose -2*p - 3*g - 5 = 6, -3*p = -f*g - 12. What is j(p)?
3
Let t(x) = x**3 - 4*x**2 + x + 2. Let o(q) = -q**3 + 7*q**2 + 2*q - 12. Let s be o(7). Calculate t(s).
-4
Let w = -30 + 30. Let v(y) = -y**2 + 5*y - 13. Let r(d) = -d**2 + 4*d - 12. Let p(o) = 5*r(o) - 4*v(o). Determine p(w).
-8
Let a(m) = 7*m**3 + 5*m**2 + 5. Let p(k) = -3 + k**3 - 3*k**2 - 6*k**3 + k**3. Let l(h) = 3*a(h) + 5*p(h). Calculate l(-2).
-8
Let d(o) = o**3 - 5*o**2 - 8*o + 5. Suppose 0 = f + x + 4*x + 5, -4*x = 4*f + 4. Suppose -v = v - p - 12, 4*v - p - 24 = f. What is d(v)?
-7
Suppose 18 + 2 = -5*a, -2*g - 16 = 5*a. Let c(r) = -r**2 - 6*r**3 + 5*r**3 - 2 + r + 4*r**2 - g*r. Suppose m = 2*z + 3*z - 10, z = -5*m + 28. Give c(z).
-5
Let b(y) = -3*y**3 - 2*y**2 - 1. Let i(m) = -7*m**3 - 5*m**2 - 2. Suppose -2*h + 3*g - 35 = 2*h, -3*h + 5*g = 40. Let u(z) = h*b(z) + 2*i(z). What is u(-2)?
-7
Let j(k) be the third derivative of -5*k**4/24 + k**3/6 - 11*k**2. What is j(1)?
-4
Let a(s) = -s - 9. Let o(c) = c**3 + 16*c**2 - 34*c + 32. Let d be o(-18). What is a(d)?
-5
Let g(j) = -4*j**3 - 4*j**2 + 2*j - 6. Let i(x) = 3*x**3 + 4*x**2 - 2*x + 5. Let k(m) = -5*g(m) - 6*i(m). What is k(2)?
4
Let s = 1 - 0. Let v(n) = -7*n**2 + n - 1. Give v(s).
-7
Let h(p) = p**2 + 4*p + 6. Suppose -y - 1 = 4. What is h(y)?
11
Let k(a) be the third derivative of a**6/120 - a**5/60 - a**3/6 - 45*a**2. Let v = 15 + -11. Let i be 0 - 1/((-2)/v). Give k(i).
3
Let d(t) = -3*t. Let a = 2 - -3. Suppose -4*s = 5*p, -a*s + 4*p = 2*p. Suppose 2*c + 4 = -s. Determine d(c).
6
Suppose -2 = -2*w + 2. Let a(d) = -d**3 + 4 + d**3 + 5*d**w - 5*d**3 + 4*d**3 - 3*d. Give a(4).
8
Let d(l) = 14*l - 4*l - l**2 - 8*l. Calculate d(3).
-3
Let r(c) = c**2 - 4*c + 2. Let m be r(3). Let g(a) = -8*a**3 - 2*a**2 - 2. Let x(l) = -15*l**3 - 4*l**2 - 3. Let z(s) = 5*g(s) - 3*x(s). What is z(m)?
-4
Let i(j) be the third derivative of j**5/120 + j**4/4 + j**3/3 + 5*j**2. Let v(k) be the first derivative of i(k). Give v(-5).
1
Suppose 4*y - 12 = 0, 5*h - 2*y = h + 14. Let f(j) be the second derivative of j**3/6 - 5*j**2/2 + 11*j. Calculate f(h).
0
Let a(o) be the second derivative of 3*o + 1/3*o**3 + 1/2*o**2 + 0 + 1/4*o**5 + 0*o**4. Determine a(-1).
-6
Let h(b) be the first derivative of -b**3/3 - 2*b - 3. Let d(t) = -3*t - 3. Let p(o) = -7*o - 6. Let k(z) = -5*d(z) + 2*p(z). Let y be k(-5). Determine h(y).
-6
Let g = -4 + 5. Let i(l) = -5*l**3 - l + 1. Calculate i(g).
-5
Suppose -j = -2*x - 2*x + 1, 0 = -5*j + 5*x - 20. Let y(z) = z - 5. Determine y(j).
-10
Let u(v) = -v**3 - 10*v**2 + 9*v - 16. Let m(g) = -g**3 + 6*g**2 + 2*g + 24. Let r be m(7). Give u(r).
6
Let l(c) = 11*c**2 + 28*c + 6. Let s(a) = -5*a**2 - 13*a - 3. Let i(d) = -6*l(d) - 13*s(d). Determine i(0).
3
Suppose 4*d = 5*d - 4. Let q(f) = -3 - 3 - f + f**2 + d*f. What is q(-6)?
12
Let m(s) = 33*s**3 - 9*s**3 + s + 4*s**2 - 12*s**3 - 4 - 11*s**3. Determine m(-3).
2
Suppose -4*p = -4*h, -2*h + 2*p - 3*p + 6 = 0. Let w(f) = -f**h - 2*f - 2 - 3 + 1 + 1. Calculate w(-2).
-3
Let q(o) = 2*o - o - 18 + 2 + o. Determine q(11).
6
Let l(d) = 6*d - 1. Let f(m) = -2*m - 1. Let v(p) = p**3 + 4*p**2 + p - 7. Let z be v(-3). Let q be f(z). Give l(q).
5
Let h = -3 + 0. Suppose -3*q - m = 4*m - 29, 3 = 5*q - 3*m. Let k(j) = j**2 - 3 + q*j**2 + 3*j - 3*j**2. What is k(h)?
-3
Let r(n) be the third derivative of -n**6/720 - n**5/30 - n**4/6 + 4*n**2. Let i(u) be the second derivative of r(u). Give i(0).
-4
Suppose 0 = q - 0*g - 3*g - 4, -5*q + 20 = 2*g. Let p(k) = 3*k - 5 - k**2 - q + 5*k. Determine p(6).
3
Let j(v) = 1 + 3*v**2 - 4*v + 4*v**2 - 3*v**2 + 2. Let x(b) = b**2 + 7*b + 8. Let z be x(-6). What is j(z)?
11
Let y(l) = -l**3 + 10*l**2. Let c be y(10). Let q(d) = -4*d - d**2 + 3*d + 8 + 2*d**2. Determine q(c).
8
Let o = 10 - 8. Let z(b) = b**o + 4 + 3*b - 3*b. Give z(0).
4
Let h(k) be the first derivative of k**3/3 + 5*k**2/2 - 7*k - 7. Calculate h(-6).
-1
Let b(u) be the first derivative of 2/3*u**3 + 1/360*u**6 + 0*u**2 + 0*u - 1/24*u**4 + 1/24*u**5 + 1. Let p(t) be the third derivative of b(t). What is p(-4)?
-5
Let z(u) = u - 3. Let j be (-8 - -3) + (-2 - 1/(-1)). What is z(j)?
-9
Let